4*b, 3*u + 86 = b - 136. What is the units digit of b?
7
Let t(j) = j**3 + j**2 + 2. Let w be t(2). Let c = w - 0. What is the tens digit of c?
1
Let b(w) be the second derivative of w**4/12 + w**3/3 - 3*w**2/2 + w. Let u be b(-3). What is the units digit of u - (1 - (0 + 13))?
2
Suppose 0*o - 4*o + 28 = 4*z, 0 = -5*o + 4*z + 8. Let n = -4 + o. Suppose -18 = k - 5*x, n = 5*x - 16 - 4. What is the units digit of k?
2
Let o(z) = 7*z**2 + 12*z - 5. Let j(k) = 15*k**2 + 25*k - 10. Let n(c) = 6*j(c) - 13*o(c). What is the tens digit of n(-5)?
1
Let y = -8 - -18. Let i = -3 + y. What is the units digit of (-4)/(-14) - (-12)/i?
2
Suppose -15 = 3*g, 3*x - 26 = 5*g + 65. What is the units digit of x?
2
Suppose 2*h + 5*n = 13 + 12, 3*n + 27 = 3*h. What is the tens digit of (6/h)/((-5)/(-125))?
1
Let i be (1/(-1))/((-6)/150). Suppose -5*t = 2*k - 43, -i = -3*t + 8*t. What is the tens digit of k?
3
Let u = 22 + 17. What is the units digit of u?
9
Let t(f) = -7*f + 8*f - 2 - 4*f**2 + 3*f + f**3. What is the units digit of t(3)?
1
Let s = -41 + 58. Suppose 0 = -4*h + 4*m - 0 + 4, 3*h + 4*m - s = 0. Suppose 2*f - 5*f - 3*t = -h, -2*t = 5*f - 5. What is the units digit of f?
1
Let l be 3 - ((-3)/3 + -1). Let w(j) = -j**2 + 4*j + 7. Let u be w(l). Suppose -3*m + 1 + u = 0. What is the units digit of m?
1
Let m(q) = q. Let u be m(7). Let l = -7 + u. Let h = 6 - l. What is the units digit of h?
6
What is the units digit of 16/10*240/32?
2
Let h(p) = -3 + 0 - p - 5 + 2*p. Let a be h(12). Suppose 0 = -a*v - 9 + 65. What is the units digit of v?
4
Let q = -4 + 0. What is the units digit of ((-10)/(-4))/((-2)/q)?
5
Let w be 0*(0 - 2/(-2)). Suppose 9*q - 45 = 4*q. Suppose 0 = -2*l - t + q + 7, -2*l + t + 12 = w. What is the units digit of l?
7
Let j be ((-3)/1)/(-6)*0. Suppose -2*w + 12 = -j*w. Suppose 0 = -3*h + o + 46, 4*o + o = -h - w. What is the units digit of h?
4
Let o(d) = 165*d. What is the units digit of o(1)?
5
Let q(w) = -w**3 + 17*w**2 - 12*w - 8. What is the tens digit of q(16)?
5
Let p = 128 - 30. What is the tens digit of p?
9
Let x be (10/3 + -3)*0. Suppose q = 2*y - q - 68, y - 5*q - 30 = x. What is the tens digit of y?
3
Let r be (-2 - 0)*5/(-2). Suppose 0 = 5*s + 15 + r, -4*n = -2*s - 64. What is the units digit of n?
4
Let w be 3 + (-5 - -1) - -4. Suppose 2*k - 63 = -4*u + 5*k, -3*u + 16 = 4*k. Suppose u = -w*x + 4*x. What is the tens digit of x?
1
Let c = 12 - 1. Suppose -2*r + 8 = -r - 2*m, r = 3*m + c. Suppose r*j = -0*j - 5*a + 6, -4*a = 3*j - 9. What is the units digit of j?
3
Suppose 4*o = 4*g + 564, 3*o - 5*g = -0*o + 423. What is the tens digit of o?
4
Let g(s) = 5*s**2 - 7*s - 5. Let p be g(6). Let f = -87 + p. What is the tens digit of f?
4
Let a(c) = -c + c + 5*c - 3*c. What is the units digit of a(7)?
4
What is the tens digit of 0 - (5/15 + 1004/(-6))?
6
Suppose -b + 214 = -5*c, 562 = 3*b - 2*c - 15. What is the tens digit of b?
8
Let b(a) = 19*a**2 - 2*a + 18. What is the units digit of b(-4)?
0
Let s(w) = 11*w + 17. What is the units digit of s(5)?
2
Suppose -5*w = -0*j - j - 12, 4*j - 27 = -5*w. Suppose -129 = -3*x + 3*i, -3*x - j*i + 158 = x. What is the units digit of x?
1
Let o = 0 - -5. Suppose k = 2*v + 2 + 2, 5*k - o*v = 5. Let d(a) = a**2 + 2*a + 3. What is the units digit of d(k)?
3
Suppose 0*c = -2*c + g + 3, 2*c - 4*g = 0. Suppose 2*s = 8, 4*s + 11 = c*i - 15. What is the tens digit of i?
2
Suppose 3*q + 4*q = 35. Suppose 130 = q*f - 90. What is the units digit of f?
4
Let c(z) = -11*z**2 + z. Let y be c(1). What is the tens digit of (-109)/(-3) - y/15?
3
Let i(y) = y**3 - 1. Let d be i(2). Suppose n - 3 = u, -u + d = 5*n - 26. What is the units digit of n?
6
Let r(g) = g**3 + 4*g**2 + 3*g. Let p be r(-2). Suppose -p*z + 9 = z. What is the units digit of z?
3
Let a(l) = 3*l**2 - 6*l - 8. What is the units digit of a(6)?
4
Let k = 115 - 56. What is the units digit of k?
9
Let a(r) = 3*r. Let q be a(2). What is the units digit of q + 1 - (-3)/3?
8
Suppose 0 = -n - t + 7, -2 = 4*t + 2. Let o = 6 + n. What is the units digit of o?
4
Suppose f - 26 = -2*f + 4*t, 3*f = -5*t + 35. Suppose -5*r - 4*x = -x + 6, -f = -r + 5*x. Let h = 2 + r. What is the units digit of h?
2
Suppose 4 = -r + 4*m - 8, -r - 2*m = -12. Suppose -16 - 8 = -r*z. What is the units digit of z?
6
Let i(a) = -3*a + 1. Let w(c) = -5*c + 2. Let x(r) = -7*i(r) + 4*w(r). Let d be x(-2). What is the units digit of 22*(d - 0)/(-2)?
1
Suppose 2*s - 3*t = 243, 5*s = -0*s + 5*t + 610. What is the hundreds digit of s?
1
What is the units digit of -4*((-13)/4 + 3)?
1
Let w = 387 - 5. What is the hundreds digit of w?
3
What is the tens digit of (-16 + -4 + 0)*(-98)/8?
4
Let j(r) = -r + 11. Let l be j(10). Suppose -t - 8 = -a, -2*a + 18 = -t + l. What is the units digit of a?
9
Let i(q) = -q**2 + 7*q. Let c(a) = -2*a**2 + 15*a. Let z(r) = 3*c(r) - 7*i(r). Let h be z(4). Suppose 3*u - 27 - 9 = h. What is the units digit of u?
2
Let u(l) = 2*l - 4. Let o be u(3). Suppose 0 = -4*b + 3*k + 109, -o*b + 65 = -6*k + k. What is the tens digit of b?
2
Suppose 0 = -3*l + 2*l + g + 29, -4*l + 116 = -3*g. What is the units digit of l?
9
What is the units digit of (68/(-3))/1*3/(-2)?
4
Suppose 3*q + 2 = -1. What is the units digit of 4 + (0 - (1 - q))?
2
Suppose 249 = -3*h + 4*h. What is the hundreds digit of h?
2
Let n(z) = -z**3 + 6*z**2 + 8*z + 2. Suppose 0 = 5*v - 25, y + 3*y - 8 = 4*v. What is the units digit of n(y)?
9
Let t(p) be the third derivative of -p**5/60 - p**4/6 + 4*p**3/3 + p**2. What is the units digit of t(-5)?
3
Let v = 0 - -3. Suppose 2*j - 37 = -v*r + 7*j, -r - j = -7. What is the units digit of r?
9
Let q = 38 + 2. What is the tens digit of q?
4
Let q = 4 + -3. Let p be q/(-4) - (-90)/8. Suppose -3*n = v - 2*n + 1, -5*v - n + p = 0. What is the units digit of v?
3
Let m(d) = d**3 + 13*d**2 + d + 17. Let i be m(-13). Suppose y - 23 = -7*z + 3*z, -i*y + z + 75 = 0. What is the units digit of y?
9
Let v(m) = 6*m**2 + 2*m - 1. Suppose -4*u - 4 = 0, 3*u + 9 = -j + 4*j. Let c be v(j). Let i = c - 18. What is the units digit of i?
9
Suppose -3*t - s = -9, -4*t + 1 = 4*s - 11. Suppose -30 = -2*l - 3*w, -t*l = 5*w + 1 - 45. What is the units digit of l?
8
Suppose 5*s + 171 = 6*s. What is the hundreds digit of s?
1
Let n be 2 - 4 - 1*4. What is the units digit of 80/n*27/(-12)?
0
Suppose 2*r + 6 = -0*r. What is the tens digit of 159/12 + r/(-4)?
1
Let y(d) = 5*d**3 - d**3 + 8*d + 9*d**2 - 1 - 3*d**3. Let f be y(-8). Let u(q) = -10*q. What is the units digit of u(f)?
0
Suppose -76 - 69 = -5*t. What is the tens digit of t?
2
Let a(h) = -16*h - 1. Let q be 2 + (-1 - 0)*3. What is the tens digit of a(q)?
1
Suppose -2*n + 5 = -1. What is the units digit of n?
3
Let m(k) be the first derivative of k**5/20 + k**4/2 + 2*k**3/3 - k**2/2 + 2*k + 1. Let g(a) be the first derivative of m(a). What is the units digit of g(-5)?
4
Let s = 3 + 68. What is the tens digit of s?
7
What is the units digit of 1/5 - 124/(-5)?
5
Let r = -13 - -23. Let t be -1 + r - (1 + 0). Suppose 3*d + 75 = t*d. What is the tens digit of d?
1
Let n(k) = 2*k**2 - 14*k + 16. Let f be n(12). Suppose 6*u - f = 2*u. What is the units digit of u?
4
What is the units digit of (-11 - -11) + (40 - -1)?
1
Let p = 41 - 29. Suppose p = 4*u - 4. What is the units digit of u?
4
Let z = 4 - 6. What is the units digit of (8/6)/(z/(-39))?
6
Let p = -14 + 18. Suppose r = -0*r + p. What is the units digit of r?
4
Let d = 0 + 3. Suppose -3*r = -2*u - 5, -d*u + 8*u + 4*r = 45. Suppose -3*k + u - 2 = -3*h, -2*k = -h - 6. What is the units digit of k?
5
Suppose 5*r + y - 3*y + 72 = 0, -3*y = -5*r - 73. Let c = r - 6. What is the units digit of 5/c - 17/(-4)?
4
What is the units digit of 13/13*15*1?
5
Suppose 4*y = 4*m + 36, 3*y = -4*m + 5*m + 35. Let l = 64 - 71. Let w = l + y. What is the units digit of w?
6
Suppose -v + 19 + 57 = 0. What is the units digit of v?
6
What is the hundreds digit of 8 - 38/5 - 1216/(-10)?
1
Let f(c) = -c**3 + 6. Let n be f(0). Let x(s) be the second derivative of s**3/6 + 2*s**2 - s. What is the units digit of x(n)?
0
Suppose 4*y - 3 = -3*z, 0*y + y = 4*z - 23. Suppose z*p - 243 - 2 = 0. Let k = p - 32. What is the units digit of k?
7
Let v(g) = -14*g + 2. What is the tens digit of v(-8)?
1
Let s = 